{"id":2964,"date":"2022-10-10T10:32:18","date_gmt":"2022-10-10T08:32:18","guid":{"rendered":"http:\/\/www.tractionavantcie.org\/tractionavant\/?page_id=2964"},"modified":"2023-02-01T14:50:32","modified_gmt":"2023-02-01T13:50:32","slug":"nos-coeurs-adolescents","status":"publish","type":"page","link":"http:\/\/www.tractionavantcie.org\/tractionavant\/nos-coeurs-adolescents\/","title":{"rendered":"Nos c\u0153urs adolescents"},"content":{"rendered":"\n<div class=\"alignnormal\"><div id=\"metaslider-id-2998\" style=\"width: 100%;\" class=\"ml-slider-3-20-3 metaslider metaslider-flex metaslider-2998 ml-slider nav-hidden\">\n    <div id=\"metaslider_container_2998\">\n        <div id=\"metaslider_2998\">\n            <ul aria-live=\"polite\" class=\"slides\">\n                <li style=\"display: block; width: 100%;\" class=\"slide-3000 ms-image\"><img src=\"http:\/\/www.tractionavantcie.org\/tractionavant\/wp-content\/uploads\/2020\/04\/Nos-coeurs-adolescents01-700x500.jpg\" height=\"500\" width=\"700\" alt=\"\" class=\"slider-2998 slide-3000\" title=\"Nos-coeurs-adolescents01\" \/><\/li>\n                <li style=\"display: none; width: 100%;\" class=\"slide-3002 ms-image\"><img src=\"http:\/\/www.tractionavantcie.org\/tractionavant\/wp-content\/uploads\/2020\/04\/Nos-coeurs-adolescents02-700x500.jpg\" height=\"500\" width=\"700\" alt=\"\" class=\"slider-2998 slide-3002\" title=\"Nos-coeurs-adolescents02\" \/><\/li>\n                <li style=\"display: none; width: 100%;\" class=\"slide-3004 ms-image\"><img src=\"http:\/\/www.tractionavantcie.org\/tractionavant\/wp-content\/uploads\/2020\/04\/Nos-coeurs-adolescents03-700x500.jpg\" height=\"500\" width=\"700\" alt=\"\" class=\"slider-2998 slide-3004\" title=\"Nos-coeurs-adolescents03\" \/><\/li>\n                <li style=\"display: none; width: 100%;\" class=\"slide-3006 ms-image\"><img src=\"http:\/\/www.tractionavantcie.org\/tractionavant\/wp-content\/uploads\/2020\/04\/Nos-coeurs-adolescents04-700x500.jpg\" height=\"500\" width=\"700\" alt=\"\" class=\"slider-2998 slide-3006\" title=\"Nos-coeurs-adolescents04\" \/><\/li>\n            <\/ul>\n        <\/div>\n        \n    <\/div>\n<\/div><\/div>\n\n\n\n<div style=\"height:50px\" aria-hidden=\"true\" class=\"wp-block-spacer\"><\/div>\n\n\n<div class=\"menuspect\"><a href=\"#agenda\">Agenda<\/a><\/div>\n<hr \/>\n<h1><a class=\"single_photoswipe\" href=\"http:\/\/www.tractionavantcie.org\/tractionavant\/wp-content\/uploads\/2020\/04\/aff_nos-coeurs-adolescents.jpg\" data-size=\"848x1200\"><img loading=\"lazy\" class=\"size-medium wp-image-2965 alignright\" src=\"http:\/\/www.tractionavantcie.org\/tractionavant\/wp-content\/uploads\/2020\/04\/aff_nos-coeurs-adolescents-212x300.jpg\" alt=\"\" width=\"212\" height=\"300\" srcset=\"http:\/\/www.tractionavantcie.org\/tractionavant\/wp-content\/uploads\/2020\/04\/aff_nos-coeurs-adolescents-212x300.jpg 212w, http:\/\/www.tractionavantcie.org\/tractionavant\/wp-content\/uploads\/2020\/04\/aff_nos-coeurs-adolescents-724x1024.jpg 724w, http:\/\/www.tractionavantcie.org\/tractionavant\/wp-content\/uploads\/2020\/04\/aff_nos-coeurs-adolescents-768x1087.jpg 768w, http:\/\/www.tractionavantcie.org\/tractionavant\/wp-content\/uploads\/2020\/04\/aff_nos-coeurs-adolescents.jpg 848w\" sizes=\"(max-width: 212px) 100vw, 212px\" \/><\/a><a class=\"single_photoswipe\" href=\"http:\/\/www.tractionavantcie.org\/tractionavant\/wp-content\/uploads\/2022\/10\/titre-nos-coeurs-adolescents.png\" data-size=\"550x58\"><img loading=\"lazy\" class=\"gif alignleft wp-image-2966 \" src=\"http:\/\/www.tractionavantcie.org\/tractionavant\/wp-content\/uploads\/2022\/10\/titre-nos-coeurs-adolescents-300x32.png\" alt=\"\" width=\"441\" height=\"47\" srcset=\"http:\/\/www.tractionavantcie.org\/tractionavant\/wp-content\/uploads\/2022\/10\/titre-nos-coeurs-adolescents-300x32.png 300w, http:\/\/www.tractionavantcie.org\/tractionavant\/wp-content\/uploads\/2022\/10\/titre-nos-coeurs-adolescents.png 550w\" sizes=\"(max-width: 441px) 100vw, 441px\" \/><\/a><\/h1>\n<p><strong>Lecture-spectacle<\/strong><br \/><strong> Cr\u00e9ation 2022<\/strong><br \/><strong> \u00c0 partir de 12 ans<br \/><\/strong><\/p>\n<p><em>Dans le cadre du r\u00e9seau \u00ab <a href=\"http:\/\/textesadire.canalblog.com\/\">Textes \u00e0 dire<\/a> \u00bb<\/em><\/p>\n<p><strong><span style=\"color: #a80804;\">Mise en espace &amp; interpr\u00e8tes :<\/span><\/strong> \u00c9lisabeth Granjon &amp; Vincent Villemagne<br \/><strong><span style=\"color: #a80804;\">Dur\u00e9e :<\/span> <\/strong>1 h<br \/><strong><span style=\"color: #a80804;\">D\u2019apr\u00e8s des textes de<\/span><\/strong> : David Foenkinos, Cl\u00e9mentine Beauvais, Agn\u00e8s Desarthe, Florence Medina, John Green, Sylvain Pattieu&#8230;<\/p>\n<p>Une lecture-spectacle joyeuse et sensible, l\u00e9g\u00e8re et grave comme le sentiment amoureux, r\u00e9unissant diff\u00e9rentes g\u00e9n\u00e9rations autour d\u2019un sujet universel, vieux comme le monde, et pourtant neuf \u00e0 chaque fois qu\u2019il nous advient.<\/p>\n<hr \/>\n<h2 id=\"agenda\">Agenda<\/h2>\n<p>\ud83d\udcc6 <strong>Le 6 octobre 2022<\/strong><br \/><span class=\"icone  \" data-keyword=\"timer clock | clock | timer\">\u23f2\ufe0f<\/span> 18h30<br \/>\ud83d\udccc <span class=\"LrzXr\">Biblioth\u00e8que L\u00e9opold S\u00e9dar Senghor &#8211; 20 rue Ch\u00e2telain, 69110 Sainte-Foy-l\u00e8s-Lyon &#8211; T\u00e9l. 04 72 32 59 35<\/span><\/p>\n<p>\ud83d\udcc6 <strong>Le 19 novembre 2022<\/strong><br \/><span class=\"icone  \" data-keyword=\"timer clock | clock | timer\">\u23f2\ufe0f<\/span> 10h30<br \/>\ud83d\udccc <span class=\"LrzXr\">M\u00e9diath\u00e8que municipale &#8211; 72 route de Vienne, 69320 Feyzin &#8211; 04 78 67 60 88<\/span><\/p>\n<p>\ud83d\udcc6 <strong>Le 24 f\u00e9vrier 2023<\/strong><br \/><span class=\"icone  \" data-keyword=\"timer clock | clock | timer\">\u23f2\ufe0f<\/span> 19h30<br \/>\ud83d\udccc <span class=\"LrzXr\">La M\u00e9mo (M\u00e9diath\u00e8que d&#8217;Oullins) &#8211; 8 rue de la R\u00e9publique, 69600 Oullins &#8211; T\u00e9l. 04 26 04 11 71<\/span><\/p>\n<p>\ud83d\udcc6 <strong>Le 2 mars 2023<\/strong><br \/><span class=\"icone  \" data-keyword=\"timer clock | clock | timer\">\u23f2\ufe0f<\/span> 14h30<br \/>\ud83d\udccc <span class=\"LrzXr\">M\u00e9diaLune &#8211; L&#8217;Atrium &#8211; 35 avenue du 8 mai 1945, 69160 Tassin-la-Demi-Lune &#8211; T\u00e9l. 04 78 34 09 13<br \/><\/span><\/p>\n<p>\ud83d\udcc6 <strong>Le 3 mars 2023<\/strong><br \/><span class=\"icone  \" data-keyword=\"timer clock | clock | timer\">\u23f2\ufe0f<\/span> 19h<br \/>\ud83d\udccc M\u00e9diath\u00e8ques municipales &#8211; 20-24 rue Jo Gouttebarge, 42000 Saint-\u00c9tienne &#8211; T\u00e9l. 04 77 43 09 77<\/p>\n<p>\ud83d\udcc6 <strong>Le 21 mars 2023<\/strong><br \/><span class=\"icone  \" data-keyword=\"timer clock | clock | timer\">\u23f2\ufe0f<\/span> 18h<br \/>\ud83d\udccc Biblioth\u00e8que des Centres Sociaux et Culturels &#8211; 102 chemin des Chassagnes, 69350 La Mulati\u00e8re &#8211; T\u00e9l. 04 78 50 07 36<\/p>","protected":false},"excerpt":{"rendered":"<p>Agenda Lecture-spectacle Cr\u00e9ation 2022 \u00c0 partir de 12 ans Dans le cadre du r\u00e9seau \u00ab Textes \u00e0 dire \u00bb Mise en espace &amp; interpr\u00e8tes : \u00c9lisabeth Granjon &amp; Vincent VillemagneDur\u00e9e : 1 hD\u2019apr\u00e8s des textes de : David Foenkinos, Cl\u00e9mentine Beauvais, Agn\u00e8s Desarthe, Florence Medina, John Green, Sylvain Pattieu&#8230; Une lecture-spectacle joyeuse et sensible, l\u00e9g\u00e8re &hellip; <a href=\"http:\/\/www.tractionavantcie.org\/tractionavant\/nos-coeurs-adolescents\/\" class=\"more-link\">Continuer la lecture de <span class=\"screen-reader-text\">Nos c\u0153urs adolescents<\/span><\/a><\/p>\n","protected":false},"author":1,"featured_media":0,"parent":0,"menu_order":0,"comment_status":"closed","ping_status":"closed","template":"","meta":[],"_links":{"self":[{"href":"http:\/\/www.tractionavantcie.org\/tractionavant\/wp-json\/wp\/v2\/pages\/2964"}],"collection":[{"href":"http:\/\/www.tractionavantcie.org\/tractionavant\/wp-json\/wp\/v2\/pages"}],"about":[{"href":"http:\/\/www.tractionavantcie.org\/tractionavant\/wp-json\/wp\/v2\/types\/page"}],"author":[{"embeddable":true,"href":"http:\/\/www.tractionavantcie.org\/tractionavant\/wp-json\/wp\/v2\/users\/1"}],"replies":[{"embeddable":true,"href":"http:\/\/www.tractionavantcie.org\/tractionavant\/wp-json\/wp\/v2\/comments?post=2964"}],"version-history":[{"count":12,"href":"http:\/\/www.tractionavantcie.org\/tractionavant\/wp-json\/wp\/v2\/pages\/2964\/revisions"}],"predecessor-version":[{"id":3271,"href":"http:\/\/www.tractionavantcie.org\/tractionavant\/wp-json\/wp\/v2\/pages\/2964\/revisions\/3271"}],"wp:attachment":[{"href":"http:\/\/www.tractionavantcie.org\/tractionavant\/wp-json\/wp\/v2\/media?parent=2964"}],"curies":[{"name":"wp","href":"https:\/\/api.w.org\/{rel}","templated":true}]}}

Nos cœurs adolescents

<div class="alignnormal"><div id="metaslider-id-2998" style="width: 100%;" class="ml-slider-3-20-3 metaslider metaslider-flex metaslider-2998 ml-slider nav-hidden">
    <div id="metaslider_container_2998">
        <div id="metaslider_2998">
            <ul aria-live="polite" class="slides">
                <li style="display: block; width: 100%;" class="slide-3000 ms-image"><img src="http://www.tractionavantcie.org/tractionavant/wp-content/uploads/2020/04/Nos-coeurs-adolescents01-700x500.jpg" height="500" width="700" alt="" class="slider-2998 slide-3000" title="Nos-coeurs-adolescents01" /></li>
                <li style="display: none; width: 100%;" class="slide-3002 ms-image"><img src="http://www.tractionavantcie.org/tractionavant/wp-content/uploads/2020/04/Nos-coeurs-adolescents02-700x500.jpg" height="500" width="700" alt="" class="slider-2998 slide-3002" title="Nos-coeurs-adolescents02" /></li>
                <li style="display: none; width: 100%;" class="slide-3004 ms-image"><img src="http://www.tractionavantcie.org/tractionavant/wp-content/uploads/2020/04/Nos-coeurs-adolescents03-700x500.jpg" height="500" width="700" alt="" class="slider-2998 slide-3004" title="Nos-coeurs-adolescents03" /></li>
                <li style="display: none; width: 100%;" class="slide-3006 ms-image"><img src="http://www.tractionavantcie.org/tractionavant/wp-content/uploads/2020/04/Nos-coeurs-adolescents04-700x500.jpg" height="500" width="700" alt="" class="slider-2998 slide-3006" title="Nos-coeurs-adolescents04" /></li>
            </ul>
        </div>
        
    </div>
</div></div>



<div style="height:50px" aria-hidden="true" class="wp-block-spacer"></div>


<div class="menuspect"><a href="#agenda">Agenda</a></div>
<hr />
<h1><a class="single_photoswipe" href="http://www.tractionavantcie.org/tractionavant/wp-content/uploads/2020/04/aff_nos-coeurs-adolescents.jpg" data-size="848x1200"><img loading="lazy" class="size-medium wp-image-2965 alignright" src="http://www.tractionavantcie.org/tractionavant/wp-content/uploads/2020/04/aff_nos-coeurs-adolescents-212x300.jpg" alt="" width="212" height="300" srcset="http://www.tractionavantcie.org/tractionavant/wp-content/uploads/2020/04/aff_nos-coeurs-adolescents-212x300.jpg 212w, http://www.tractionavantcie.org/tractionavant/wp-content/uploads/2020/04/aff_nos-coeurs-adolescents-724x1024.jpg 724w, http://www.tractionavantcie.org/tractionavant/wp-content/uploads/2020/04/aff_nos-coeurs-adolescents-768x1087.jpg 768w, http://www.tractionavantcie.org/tractionavant/wp-content/uploads/2020/04/aff_nos-coeurs-adolescents.jpg 848w" sizes="(max-width: 212px) 100vw, 212px" /></a><a class="single_photoswipe" href="http://www.tractionavantcie.org/tractionavant/wp-content/uploads/2022/10/titre-nos-coeurs-adolescents.png" data-size="550x58"><img loading="lazy" class="gif alignleft wp-image-2966 " src="http://www.tractionavantcie.org/tractionavant/wp-content/uploads/2022/10/titre-nos-coeurs-adolescents-300x32.png" alt="" width="441" height="47" srcset="http://www.tractionavantcie.org/tractionavant/wp-content/uploads/2022/10/titre-nos-coeurs-adolescents-300x32.png 300w, http://www.tractionavantcie.org/tractionavant/wp-content/uploads/2022/10/titre-nos-coeurs-adolescents.png 550w" sizes="(max-width: 441px) 100vw, 441px" /></a></h1>
<p><strong>Lecture-spectacle</strong><br /><strong> Création 2022</strong><br /><strong> À partir de 12 ans<br /></strong></p>
<p><em>Dans le cadre du réseau « <a href="http://textesadire.canalblog.com/">Textes à dire</a> »</em></p>
<p><strong><span style="color: #a80804;">Mise en espace &amp; interprètes :</span></strong> Élisabeth Granjon &amp; Vincent Villemagne<br /><strong><span style="color: #a80804;">Durée :</span> </strong>1 h<br /><strong><span style="color: #a80804;">D’après des textes de</span></strong> : David Foenkinos, Clémentine Beauvais, Agnès Desarthe, Florence Medina, John Green, Sylvain Pattieu&#8230;</p>
<p>Une lecture-spectacle joyeuse et sensible, légère et grave comme le sentiment amoureux, réunissant différentes générations autour d’un sujet universel, vieux comme le monde, et pourtant neuf à chaque fois qu’il nous advient.</p>
<hr />
<h2 id="agenda">Agenda</h2>
<p>📆 <strong>Le 6 octobre 2022</strong><br /><span class="icone  " data-keyword="timer clock | clock | timer">⏲️</span> 18h30<br />📌 <span class="LrzXr">Bibliothèque Léopold Sédar Senghor &#8211; 20 rue Châtelain, 69110 Sainte-Foy-lès-Lyon &#8211; Tél. 04 72 32 59 35</span></p>
<p>📆 <strong>Le 19 novembre 2022</strong><br /><span class="icone  " data-keyword="timer clock | clock | timer">⏲️</span> 10h30<br />📌 <span class="LrzXr">Médiathèque municipale &#8211; 72 route de Vienne, 69320 Feyzin &#8211; 04 78 67 60 88</span></p>
<p>📆 <strong>Le 24 février 2023</strong><br /><span class="icone  " data-keyword="timer clock | clock | timer">⏲️</span> 19h30<br />📌 <span class="LrzXr">La Mémo (Médiathèque d&#8217;Oullins) &#8211; 8 rue de la République, 69600 Oullins &#8211; Tél. 04 26 04 11 71</span></p>
<p>📆 <strong>Le 2 mars 2023</strong><br /><span class="icone  " data-keyword="timer clock | clock | timer">⏲️</span> 14h30<br />📌 <span class="LrzXr">MédiaLune &#8211; L&#8217;Atrium &#8211; 35 avenue du 8 mai 1945, 69160 Tassin-la-Demi-Lune &#8211; Tél. 04 78 34 09 13<br /></span></p>
<p>📆 <strong>Le 3 mars 2023</strong><br /><span class="icone  " data-keyword="timer clock | clock | timer">⏲️</span> 19h<br />📌 Médiathèques municipales &#8211; 20-24 rue Jo Gouttebarge, 42000 Saint-Étienne &#8211; Tél. 04 77 43 09 77</p>
<p>📆 <strong>Le 21 mars 2023</strong><br /><span class="icone  " data-keyword="timer clock | clock | timer">⏲️</span> 18h<br />📌 Bibliothèque des Centres Sociaux et Culturels &#8211; 102 chemin des Chassagnes, 69350 La Mulatière &#8211; Tél. 04 78 50 07 36</p>

<p>Agenda Lecture-spectacle Création 2022 À partir de 12 ans Dans le cadre du réseau « Textes à dire » Mise en espace &amp; interprètes : Élisabeth Granjon &amp; Vincent VillemagneDurée : 1 hD’après des textes de : David Foenkinos, Clémentine Beauvais, Agnès Desarthe, Florence Medina, John Green, Sylvain Pattieu&#8230; Une lecture-spectacle joyeuse et sensible, légère &hellip; <a href="http://www.tractionavantcie.org/tractionavant/nos-coeurs-adolescents/" class="more-link">Continuer la lecture de <span class="screen-reader-text">Nos cœurs adolescents</span></a></p>
