{"id":365,"date":"2019-02-04T12:47:41","date_gmt":"2019-02-04T11:47:41","guid":{"rendered":"http:\/\/www.tractionavantcie.org\/tractionavant\/?page_id=365"},"modified":"2021-04-07T17:21:35","modified_gmt":"2021-04-07T15:21:35","slug":"changer-tout","status":"publish","type":"page","link":"http:\/\/www.tractionavantcie.org\/tractionavant\/changer-tout\/","title":{"rendered":"Changer tout ?"},"content":{"rendered":"<hr \/>\n<h1><a class=\"single_photoswipe\" href=\"http:\/\/www.tractionavantcie.org\/tractionavant\/wp-content\/uploads\/2019\/02\/aff_changer-tout.jpg\" data-size=\"848x1200\"><img loading=\"lazy\" class=\"alignright wp-image-2265 size-medium\" src=\"http:\/\/www.tractionavantcie.org\/tractionavant\/wp-content\/uploads\/2019\/02\/aff_changer-tout-212x300.jpg\" alt=\"\" width=\"212\" height=\"300\" srcset=\"http:\/\/www.tractionavantcie.org\/tractionavant\/wp-content\/uploads\/2019\/02\/aff_changer-tout-212x300.jpg 212w, http:\/\/www.tractionavantcie.org\/tractionavant\/wp-content\/uploads\/2019\/02\/aff_changer-tout-768x1087.jpg 768w, http:\/\/www.tractionavantcie.org\/tractionavant\/wp-content\/uploads\/2019\/02\/aff_changer-tout-724x1024.jpg 724w, http:\/\/www.tractionavantcie.org\/tractionavant\/wp-content\/uploads\/2019\/02\/aff_changer-tout.jpg 848w\" sizes=\"(max-width: 212px) 100vw, 212px\" \/><\/a><img loading=\"lazy\" class=\"gif\" src=\"http:\/\/www.tractionavantcie.org\/images\/gif\/changer-tout-anim.gif\" alt=\"\" width=\"320\" height=\"38\" \/><\/h1>\n<p><strong>Lecture-spectacle<\/strong><br \/>\n<strong>\u00c0 partir de 15 ans<\/strong><br \/>\n<strong>Dur\u00e9e : 1h<\/strong><\/p>\n<p><em>Dans le cadre du r\u00e9seau \u00ab <a href=\"http:\/\/textesadire.canalblog.com\/\">Textes \u00e0 dire<\/a> \u00bb<\/em><\/p>\n<p><strong><span style=\"color: #a80804;\">Mise en espace &amp; interpr\u00e8tes :<\/span><\/strong> \u00c9lisabeth Granjon &amp; Vincent Villemagne<br \/>\n<strong><span style=\"color: #a80804;\">Soutien technique :<\/span><\/strong> Ludovic Micoud-Terraud<br \/>\n<strong><span style=\"color: #a80804;\">D\u2019apr\u00e8s des textes de :<\/span><\/strong> Tonino Benacquista<br \/>\nEmmanuel Darley, Dario Fo, David Foenkinos, Christian Gailly, Michel Lejoyeux, Edgar Morin, Sylvain Tesson, David Thomas&#8230;<\/p>\n<p>Changer tout ? Beaucoup en r\u00eavent, certains le vivent, d&#8217;autres le redoutent&#8230;<br \/>\nTh\u00e8me essentiel et fondateur, le changement est au c\u0153ur d&#8217;un grand nombre d\u2019\u0153uvres artistiques et litt\u00e9raires. Dans une p\u00e9riode ou individuellement et collectivement nous vivons de profondes mutations, il nous para\u00eet important de s&#8217;arr\u00eater un peu sur la question.<br \/>\nMani\u00e8re comme une autre de s&#8217;encourager \u00e0 r\u00eaver des horizons nouveaux.<\/p>\n","protected":false},"excerpt":{"rendered":"<p>Lecture-spectacle \u00c0 partir de 15 ans Dur\u00e9e : 1h Dans le cadre du r\u00e9seau \u00ab Textes \u00e0 dire \u00bb Mise en espace &amp; interpr\u00e8tes : \u00c9lisabeth Granjon &amp; Vincent Villemagne Soutien technique : Ludovic Micoud-Terraud D\u2019apr\u00e8s des textes de : Tonino Benacquista Emmanuel Darley, Dario Fo, David Foenkinos, Christian Gailly, Michel Lejoyeux, Edgar Morin, Sylvain &hellip; <a href=\"http:\/\/www.tractionavantcie.org\/tractionavant\/changer-tout\/\" class=\"more-link\">Continuer la lecture de <span class=\"screen-reader-text\">Changer tout ?<\/span><\/a><\/p>\n","protected":false},"author":1,"featured_media":0,"parent":0,"menu_order":0,"comment_status":"closed","ping_status":"closed","template":"page-spectacle.php","meta":[],"_links":{"self":[{"href":"http:\/\/www.tractionavantcie.org\/tractionavant\/wp-json\/wp\/v2\/pages\/365"}],"collection":[{"href":"http:\/\/www.tractionavantcie.org\/tractionavant\/wp-json\/wp\/v2\/pages"}],"about":[{"href":"http:\/\/www.tractionavantcie.org\/tractionavant\/wp-json\/wp\/v2\/types\/page"}],"author":[{"embeddable":true,"href":"http:\/\/www.tractionavantcie.org\/tractionavant\/wp-json\/wp\/v2\/users\/1"}],"replies":[{"embeddable":true,"href":"http:\/\/www.tractionavantcie.org\/tractionavant\/wp-json\/wp\/v2\/comments?post=365"}],"version-history":[{"count":9,"href":"http:\/\/www.tractionavantcie.org\/tractionavant\/wp-json\/wp\/v2\/pages\/365\/revisions"}],"predecessor-version":[{"id":2513,"href":"http:\/\/www.tractionavantcie.org\/tractionavant\/wp-json\/wp\/v2\/pages\/365\/revisions\/2513"}],"wp:attachment":[{"href":"http:\/\/www.tractionavantcie.org\/tractionavant\/wp-json\/wp\/v2\/media?parent=365"}],"curies":[{"name":"wp","href":"https:\/\/api.w.org\/{rel}","templated":true}]}}