{"id":3683,"date":"2023-11-11T10:22:51","date_gmt":"2023-11-11T09:22:51","guid":{"rendered":"http:\/\/www.tractionavantcie.org\/tractionavant\/?page_id=3683"},"modified":"2023-11-27T06:38:27","modified_gmt":"2023-11-27T05:38:27","slug":"infolettre-novembre-2023","status":"publish","type":"page","link":"http:\/\/www.tractionavantcie.org\/tractionavant\/infolettre-novembre-2023\/","title":{"rendered":"Infolettre &#8211; Novembre 2023"},"content":{"rendered":"<div style=\"max-width: 800px; margin: 0 auto; border: 0.1rem solid #999;\">\n<p style=\"text-align: center;\"><img loading=\"lazy\" class=\"aligncenter size-full wp-image-3339\" style=\"max-width: 100%; height: auto;\" src=\"http:\/\/www.tractionavantcie.org\/tractionavant\/wp-content\/uploads\/2023\/03\/fond-newsletter2.jpg\" alt=\"\" width=\"1200\" height=\"456\" srcset=\"http:\/\/www.tractionavantcie.org\/tractionavant\/wp-content\/uploads\/2023\/03\/fond-newsletter2.jpg 1200w, http:\/\/www.tractionavantcie.org\/tractionavant\/wp-content\/uploads\/2023\/03\/fond-newsletter2-300x114.jpg 300w, http:\/\/www.tractionavantcie.org\/tractionavant\/wp-content\/uploads\/2023\/03\/fond-newsletter2-1024x389.jpg 1024w, http:\/\/www.tractionavantcie.org\/tractionavant\/wp-content\/uploads\/2023\/03\/fond-newsletter2-768x292.jpg 768w\" sizes=\"(max-width: 1200px) 100vw, 1200px\" \/><\/p>\n<div style=\"padding: 0 10px 0 10px;\">\n<p style=\"text-align: center;\"><span style=\"font-size: 17pt; color: #000000;\"><strong><span style=\"font-family: trebuchet ms, geneva, sans-serif;\">ALORS, Y\u2019A PAS D\u2019AUTRES ALTERNATIVES, C\u2019EST \u00c7A ?<br \/>\n<\/span><\/strong><\/span><\/p>\n<div style=\"padding: 30px 20px 0 20px; border: 0.1rem solid #999; background-color: #cccccc;\">\n<p style=\"text-align: justify;\"><span style=\"font-family: trebuchet ms, geneva, sans-serif; color: #808080; font-size: 12pt;\">\u00ab Alors y\u2019a pas d\u2019autres alternatives, faut cogner c\u2019est \u00e7a ? Faut montrer qu\u2019on est le plus fort, le plus malin, balancer la crasse la plus salace, d\u00e9clencher les ricanements les plus bruyants, amasser le plus de likes, \u00eatre le plus populaire, la plus regard\u00e9e, la plus sexy\u2026 mais c\u2019est pas moi \u00e7a, moi j\u2019aimerais moins&#8230; c\u2019est \u00e7a, moi je veux moins&#8230; de m\u00e9chancet\u00e9, moins de regards d\u00e9gueulasses qui te font croire que t\u2019es qu\u2019une pute, moins de clashs qui claquent, moins de bruit autour, moins de haine qui bousille tout et moins de moutons derri\u00e8re&#8230; \u00bb<\/span><\/p>\n<p style=\"text-align: right;\"><span style=\"font-family: trebuchet ms, geneva, sans-serif; color: #808080; font-size: 12pt;\">Monologue de Sol\u00e8ne dans l\u2019\u00e9pisode 7 de la \u00ab\u00a0ballade des gens qui sont n\u00e9s quelque part\u00a0\u00bb<br \/>\n<\/span><\/p>\n<\/div>\n<hr \/>\n<p><span style=\"font-family: trebuchet ms, geneva, sans-serif; color: #808080; font-size: 12pt;\">Alors bien s\u00fbr, j\u2019avais des tas de trucs \u00e0 vous communiquer en ce mois de novembre et puis je suis tomb\u00e9 sur cet extrait du 7eme \u00e9pisode de la webs\u00e9rie que je vous publie ci-dessous. Je me suis dit que la parole de ce \u00ab petit bout de femme \u00bb dans cette fiction, r\u00e9sumait assez bien mon humeur du moment face \u00e0 l\u2019actualit\u00e9.<\/span><\/p>\n<p style=\"text-align: center;\"><span style=\"font-family: trebuchet ms, geneva, sans-serif; color: #808080; font-size: 12pt;\"><span style=\"font-size: 14pt; color: #000000;\"><b><span class=\"x_x_x_x_x_x_x_x_x_ContentPasted24 x_x_x_x_x_x_ContentPasted1\"><span class=\"x_x_x_x_x_contentpasted7\"><span class=\"x_x_x_x_x_ContentPasted0 x_ContentPasted3\">LA BALLADE DES GENS QUI SONT N\u00c9S QUELQUE PART<br \/>\n\u00c9PISODE 7<\/span><\/span><\/span><\/b><\/span><br \/>\n<\/span><\/p>\n<p style=\"text-align: center;\"><span style=\"font-family: trebuchet ms, geneva, sans-serif; color: #808080; font-size: 12pt;\"><em><strong>Dans l\u2019\u00e9pisode pr\u00e9c\u00e9dent, <\/strong><\/em>Te\u00efki, lors de ce que les autorit\u00e9s ont pris pour une attaque terroriste, a \u00e9t\u00e9 \u00ab neutralis\u00e9 \u00bb par le G.I.G.N. il est dans le coma. Im\u00e8ne est venu \u00e0 la rescousse de l\u2019\u00e9quipe des \u00ab trois jours \u00bb pour l\u2019organisation de l\u2019\u00e9v\u00e9nement en empruntant le minibus de son club de foot. Le concert cl\u00f4turant les trois jours peut enfin avoir lieu.<\/span><\/p>\n<p style=\"text-align: center;\" data-wp-editing=\"1\"><a href=\"https:\/\/www.youtube.com\/watch?v=QOJuX_MTSxY&amp;ab_channel=TractionAvantCie\" target=\"_blank\" rel=\"noopener\"><img loading=\"lazy\" class=\"aligncenter wp-image-3684 size-medium\" src=\"http:\/\/www.tractionavantcie.org\/tractionavant\/wp-content\/uploads\/2023\/11\/episode07-300x125.jpg\" alt=\"\" width=\"300\" height=\"125\" srcset=\"http:\/\/www.tractionavantcie.org\/tractionavant\/wp-content\/uploads\/2023\/11\/episode07-300x125.jpg 300w, http:\/\/www.tractionavantcie.org\/tractionavant\/wp-content\/uploads\/2023\/11\/episode07.jpg 500w\" sizes=\"(max-width: 300px) 100vw, 300px\" \/><\/a><\/p>\n<hr \/>\n<p style=\"text-align: center;\"><span style=\"font-family: trebuchet ms, geneva, sans-serif; font-size: 14pt;\"><b><span class=\"x_x_x_x_x_x_x_x_x_ContentPasted24 x_x_x_x_x_x_ContentPasted1\"><span class=\"x_x_x_x_x_contentpasted7\"><span class=\"x_x_x_x_x_ContentPasted0 x_ContentPasted3\">RETOUR SUR OCTOBRE<\/span><\/span><\/span><\/b><\/span><\/p>\n<p><span style=\"font-family: trebuchet ms, geneva, sans-serif; color: #808080; font-size: 12pt;\">\u00c7a y est, \u00ab La petite fille sous la rivi\u00e8re \u00bb a plong\u00e9 dans le grand bain de la diffusion avec une belle s\u00e9rie au th\u00e9\u00e2tre du Puy pendant les vacances de la Toussaint. Fr\u00e9d\u00e9rique est intervenue dans tous les relais d\u2019assistantes maternelles de la ville de V\u00e9nissieux en pr\u00e9lude \u00e0 une s\u00e9rie de repr\u00e9sentations que nous proposerons la semaine du 29 janvier au 2 f\u00e9vrier 2024 \u00e0 la salle \u00c9rik Satie.<\/span><\/p>\n<p><a href=\"http:\/\/www.tractionavantcie.org\/tractionavant\/la-petite-fille-sous-la-riviere-photos\/\" target=\"_blank\" rel=\"noopener\"><img loading=\"lazy\" class=\"aligncenter wp-image-3685 size-full\" src=\"http:\/\/www.tractionavantcie.org\/tractionavant\/wp-content\/uploads\/2023\/11\/La-petite-fille-sous-la-riviere01.jpg\" alt=\"\" width=\"300\" height=\"200\" \/><\/a><\/p>\n<hr \/>\n<p><span style=\"font-family: trebuchet ms, geneva, sans-serif; color: #808080; font-size: 12pt;\">On vous poste \u00e9galement un deuxi\u00e8me extrait de notre \u00e9mission \u00ab histoire(s) d\u2019\u00e9galit\u00e9 \u00bb r\u00e9alis\u00e9e en partenariat avec les centres sociaux des Minguettes en direct au Lyc\u00e9e Jacques Brel le 14 novembre dernier. Nous reviendrons courant 2024 sur ce temps fort en vous en proposant la diffusion dans son int\u00e9gralit\u00e9.<\/span><a href=\"http:\/\/www.tractionavantcie.org\/tractionavant\/histoires-degalite-lemission-2\/\" target=\"_blank\" rel=\"noopener\"><img loading=\"lazy\" class=\"aligncenter wp-image-3672 size-medium\" src=\"http:\/\/www.tractionavantcie.org\/tractionavant\/wp-content\/uploads\/2023\/10\/histoire-d-egalite-emission-300x169.jpg\" alt=\"\" width=\"300\" height=\"169\" srcset=\"http:\/\/www.tractionavantcie.org\/tractionavant\/wp-content\/uploads\/2023\/10\/histoire-d-egalite-emission-300x169.jpg 300w, http:\/\/www.tractionavantcie.org\/tractionavant\/wp-content\/uploads\/2023\/10\/histoire-d-egalite-emission-768x432.jpg 768w, http:\/\/www.tractionavantcie.org\/tractionavant\/wp-content\/uploads\/2023\/10\/histoire-d-egalite-emission.jpg 889w\" sizes=\"(max-width: 300px) 100vw, 300px\" \/><\/a><\/p>\n<hr \/>\n<div style=\"padding: 30px 20px 0 20px; border: 0.1rem solid #999; background-color: #cccccc;\">\n<p style=\"text-align: justify;\"><span style=\"font-family: trebuchet ms, geneva, sans-serif; color: #808080; font-size: 12pt;\">Alors \u00ab\u00a0&#8230;Regardez-moi, je suis Sol\u00e8ne\u00a0! Un petit bout de femme qui n\u2019a pas fini de grandir, une fille pas tr\u00e8s s\u00fbr d\u2019elle-m\u00eame, mais \u00e7a vient, \u00e7a vient, un peu de patience et m\u00eame maladroite je vous crache \u00e0 la gueule que j\u2019ai le droit de vivre comme \u00e7a me chante, m\u2019habiller comme je veux et me sentir belle non pas parce que je viens de croiser le regard d\u2019un gar\u00e7on \u00e0 qui je voudrais plaire mais simplement parce que je ressens la chaleur d\u2019un soleil d\u2019automne qui me caresse la peau.\u00a0\u00bb<\/span><\/p>\n<p style=\"text-align: right;\"><span style=\"font-family: trebuchet ms, geneva, sans-serif; color: #808080; font-size: 12pt;\">Monologue de Sol\u00e8ne dans l\u2019\u00e9pisode 7 de la \u00ab\u00a0ballade des gens qui sont n\u00e9s quelque part\u00a0\u00bb<\/span><\/p>\n<\/div>\n<hr \/>\n<p style=\"text-align: center;\"><img loading=\"lazy\" class=\"aligncenter size-full wp-image-3344\" style=\"margin-bottom: 0; padding-bottom: 0;\" src=\"http:\/\/www.tractionavantcie.org\/tractionavant\/wp-content\/uploads\/2023\/03\/image1.jpg\" alt=\"\" width=\"140\" height=\"105\" \/><span style=\"font-family: trebuchet ms, geneva, sans-serif; color: #808080; font-size: 10pt;\">13 avenue Marcel Paul 69200 V\u00e9nissieux<br \/>\n<\/span><span style=\"font-family: trebuchet ms, geneva, sans-serif; color: #808080; font-size: 10pt;\">T\u00e9l : 04 72 90 11 84<\/span><br \/>\n<span style=\"font-family: trebuchet ms, geneva, sans-serif; color: #808080; font-size: 10pt;\"><a href=\"mailto:traction.avant@wanadoo.fr\" target=\"_blank\" rel=\"noopener\">traction.avant@wanadoo.fr<\/a> | <a href=\"http:\/\/www.tractionavantcie.org\">www.tractionavantcie.org<\/a><br \/>\n<\/span><span style=\"font-family: trebuchet ms, geneva, sans-serif; color: #808080; font-size: 10pt;\">Licences d\u2019entrepreneur du spectacle : L-R-20-5245 | L-R-20-5247<\/span><br \/>\n<span style=\"font-family: trebuchet ms, geneva, sans-serif; color: #808080; font-size: 10pt;\">\u00a0<\/span><br \/>\n<span style=\"font-family: trebuchet ms, geneva, sans-serif; color: #808080; font-size: 10pt;\">\u00a0 \u00a0 <span class=\"x_x_x_x_x_x_ContentPasted13\"><span class=\"x_x_x_x_x_x_ContentPasted19 x_x_x_x_x_x_ContentPasted22\"><a href=\"http:\/\/www.tractionavantcie.org\/tractionavant\/wp-content\/uploads\/2023\/03\/logo-facebook.png\"> \u00a0<\/a><a href=\"https:\/\/fr-fr.facebook.com\/TractionAvantCompagnie\" target=\"_blank\" rel=\"noopener\"><img loading=\"lazy\" class=\"alignnone wp-image-3345 size-full\" src=\"http:\/\/www.tractionavantcie.org\/tractionavant\/wp-content\/uploads\/2023\/03\/logo-facebook.png\" alt=\"\" width=\"50\" height=\"50\" \/> \u00a0<\/a><a href=\"https:\/\/www.youtube.com\/@tractionavantcie8533\/playlists\" target=\"_blank\" rel=\"noopener\"><img loading=\"lazy\" class=\"alignnone wp-image-3346 size-full\" src=\"http:\/\/www.tractionavantcie.org\/tractionavant\/wp-content\/uploads\/2023\/03\/YouTube.jpg\" alt=\"\" width=\"50\" height=\"50\" \/><\/a><a id=\"LPlnk671796\" title=\"https:\/\/fr-fr.facebook.com\/TractionAvantCompagnie\" href=\"https:\/\/fr-fr.facebook.com\/TractionAvantCompagnie\" target=\"_blank\" rel=\"noopener noreferrer\" data-auth=\"NotApplicable\" data-linkindex=\"4\"><\/a><br \/>\n<\/span><\/span><\/span><span style=\"font-family: trebuchet ms, geneva, sans-serif; color: #808080; font-size: 10pt;\">\u00a0Pour adh\u00e9rer :<\/span><span style=\"font-family: trebuchet ms, geneva, sans-serif; color: #808080; font-size: 10pt;\"><a href=\"https:\/\/www.helloasso.com\/associations\/traction-avant-cie\/adhesions\/adhesion-2021-2022-3\"><img loading=\"lazy\" class=\"aligncenter wp-image-3347\" src=\"http:\/\/www.tractionavantcie.org\/tractionavant\/wp-content\/uploads\/2023\/03\/logo-helloasso.png\" alt=\"\" width=\"136\" height=\"28\" \/><\/a><\/span><span style=\"font-family: trebuchet ms, geneva, sans-serif; color: #808080; font-size: 10pt;\">Pour vous d\u00e9sinscrire de la liste de diffusion, <a href=\"http:\/\/www.tractionavantcie.org\/tractionavant\/desinscription-newsletter\/\" target=\"_blank\" rel=\"noopener\">suivez ce lien<\/a><\/span><\/p>\n<\/div>\n<\/div>\n","protected":false},"excerpt":{"rendered":"<p>ALORS, Y\u2019A PAS D\u2019AUTRES ALTERNATIVES, C\u2019EST \u00c7A ? \u00ab Alors y\u2019a pas d\u2019autres alternatives, faut cogner c\u2019est \u00e7a ? Faut montrer qu\u2019on est le plus fort, le plus malin, balancer la crasse la plus salace, d\u00e9clencher les ricanements les plus bruyants, amasser le plus de likes, \u00eatre le plus populaire, la plus regard\u00e9e, la plus &hellip; <a href=\"http:\/\/www.tractionavantcie.org\/tractionavant\/infolettre-novembre-2023\/\" class=\"more-link\">Continuer la lecture de <span class=\"screen-reader-text\">Infolettre &#8211; Novembre 2023<\/span><\/a><\/p>\n","protected":false},"author":1,"featured_media":0,"parent":0,"menu_order":0,"comment_status":"closed","ping_status":"closed","template":"page-blanc.php","meta":[],"_links":{"self":[{"href":"http:\/\/www.tractionavantcie.org\/tractionavant\/wp-json\/wp\/v2\/pages\/3683"}],"collection":[{"href":"http:\/\/www.tractionavantcie.org\/tractionavant\/wp-json\/wp\/v2\/pages"}],"about":[{"href":"http:\/\/www.tractionavantcie.org\/tractionavant\/wp-json\/wp\/v2\/types\/page"}],"author":[{"embeddable":true,"href":"http:\/\/www.tractionavantcie.org\/tractionavant\/wp-json\/wp\/v2\/users\/1"}],"replies":[{"embeddable":true,"href":"http:\/\/www.tractionavantcie.org\/tractionavant\/wp-json\/wp\/v2\/comments?post=3683"}],"version-history":[{"count":6,"href":"http:\/\/www.tractionavantcie.org\/tractionavant\/wp-json\/wp\/v2\/pages\/3683\/revisions"}],"predecessor-version":[{"id":3711,"href":"http:\/\/www.tractionavantcie.org\/tractionavant\/wp-json\/wp\/v2\/pages\/3683\/revisions\/3711"}],"wp:attachment":[{"href":"http:\/\/www.tractionavantcie.org\/tractionavant\/wp-json\/wp\/v2\/media?parent=3683"}],"curies":[{"name":"wp","href":"https:\/\/api.w.org\/{rel}","templated":true}]}}

<div style="max-width: 800px; margin: 0 auto; border: 0.1rem solid #999;">
<p style="text-align: center;"><img loading="lazy" class="aligncenter size-full wp-image-3339" style="max-width: 100%; height: auto;" src="http://www.tractionavantcie.org/tractionavant/wp-content/uploads/2023/03/fond-newsletter2.jpg" alt="" width="1200" height="456" srcset="http://www.tractionavantcie.org/tractionavant/wp-content/uploads/2023/03/fond-newsletter2.jpg 1200w, http://www.tractionavantcie.org/tractionavant/wp-content/uploads/2023/03/fond-newsletter2-300x114.jpg 300w, http://www.tractionavantcie.org/tractionavant/wp-content/uploads/2023/03/fond-newsletter2-1024x389.jpg 1024w, http://www.tractionavantcie.org/tractionavant/wp-content/uploads/2023/03/fond-newsletter2-768x292.jpg 768w" sizes="(max-width: 1200px) 100vw, 1200px" /></p>
<div style="padding: 0 10px 0 10px;">
<p style="text-align: center;"><span style="font-size: 17pt; color: #000000;"><strong><span style="font-family: trebuchet ms, geneva, sans-serif;">ALORS, Y’A PAS D’AUTRES ALTERNATIVES, C’EST ÇA ?<br />
</span></strong></span></p>
<div style="padding: 30px 20px 0 20px; border: 0.1rem solid #999; background-color: #cccccc;">
<p style="text-align: justify;"><span style="font-family: trebuchet ms, geneva, sans-serif; color: #808080; font-size: 12pt;">« Alors y’a pas d’autres alternatives, faut cogner c’est ça ? Faut montrer qu’on est le plus fort, le plus malin, balancer la crasse la plus salace, déclencher les ricanements les plus bruyants, amasser le plus de likes, être le plus populaire, la plus regardée, la plus sexy… mais c’est pas moi ça, moi j’aimerais moins&#8230; c’est ça, moi je veux moins&#8230; de méchanceté, moins de regards dégueulasses qui te font croire que t’es qu’une pute, moins de clashs qui claquent, moins de bruit autour, moins de haine qui bousille tout et moins de moutons derrière&#8230; »</span></p>
<p style="text-align: right;"><span style="font-family: trebuchet ms, geneva, sans-serif; color: #808080; font-size: 12pt;">Monologue de Solène dans l’épisode 7 de la « ballade des gens qui sont nés quelque part »<br />
</span></p>
</div>
<hr />
<p><span style="font-family: trebuchet ms, geneva, sans-serif; color: #808080; font-size: 12pt;">Alors bien sûr, j’avais des tas de trucs à vous communiquer en ce mois de novembre et puis je suis tombé sur cet extrait du 7eme épisode de la websérie que je vous publie ci-dessous. Je me suis dit que la parole de ce « petit bout de femme » dans cette fiction, résumait assez bien mon humeur du moment face à l’actualité.</span></p>
<p style="text-align: center;"><span style="font-family: trebuchet ms, geneva, sans-serif; color: #808080; font-size: 12pt;"><span style="font-size: 14pt; color: #000000;"><b><span class="x_x_x_x_x_x_x_x_x_ContentPasted24 x_x_x_x_x_x_ContentPasted1"><span class="x_x_x_x_x_contentpasted7"><span class="x_x_x_x_x_ContentPasted0 x_ContentPasted3">LA BALLADE DES GENS QUI SONT NÉS QUELQUE PART<br />
ÉPISODE 7</span></span></span></b></span><br />
</span></p>
<p style="text-align: center;"><span style="font-family: trebuchet ms, geneva, sans-serif; color: #808080; font-size: 12pt;"><em><strong>Dans l’épisode précédent, </strong></em>Teïki, lors de ce que les autorités ont pris pour une attaque terroriste, a été « neutralisé » par le G.I.G.N. il est dans le coma. Imène est venu à la rescousse de l’équipe des « trois jours » pour l’organisation de l’événement en empruntant le minibus de son club de foot. Le concert clôturant les trois jours peut enfin avoir lieu.</span></p>
<p style="text-align: center;" data-wp-editing="1"><a href="https://www.youtube.com/watch?v=QOJuX_MTSxY&amp;ab_channel=TractionAvantCie" target="_blank" rel="noopener"><img loading="lazy" class="aligncenter wp-image-3684 size-medium" src="http://www.tractionavantcie.org/tractionavant/wp-content/uploads/2023/11/episode07-300x125.jpg" alt="" width="300" height="125" srcset="http://www.tractionavantcie.org/tractionavant/wp-content/uploads/2023/11/episode07-300x125.jpg 300w, http://www.tractionavantcie.org/tractionavant/wp-content/uploads/2023/11/episode07.jpg 500w" sizes="(max-width: 300px) 100vw, 300px" /></a></p>
<hr />
<p style="text-align: center;"><span style="font-family: trebuchet ms, geneva, sans-serif; font-size: 14pt;"><b><span class="x_x_x_x_x_x_x_x_x_ContentPasted24 x_x_x_x_x_x_ContentPasted1"><span class="x_x_x_x_x_contentpasted7"><span class="x_x_x_x_x_ContentPasted0 x_ContentPasted3">RETOUR SUR OCTOBRE</span></span></span></b></span></p>
<p><span style="font-family: trebuchet ms, geneva, sans-serif; color: #808080; font-size: 12pt;">Ça y est, « La petite fille sous la rivière » a plongé dans le grand bain de la diffusion avec une belle série au théâtre du Puy pendant les vacances de la Toussaint. Frédérique est intervenue dans tous les relais d’assistantes maternelles de la ville de Vénissieux en prélude à une série de représentations que nous proposerons la semaine du 29 janvier au 2 février 2024 à la salle Érik Satie.</span></p>
<p><a href="http://www.tractionavantcie.org/tractionavant/la-petite-fille-sous-la-riviere-photos/" target="_blank" rel="noopener"><img loading="lazy" class="aligncenter wp-image-3685 size-full" src="http://www.tractionavantcie.org/tractionavant/wp-content/uploads/2023/11/La-petite-fille-sous-la-riviere01.jpg" alt="" width="300" height="200" /></a></p>
<hr />
<p><span style="font-family: trebuchet ms, geneva, sans-serif; color: #808080; font-size: 12pt;">On vous poste également un deuxième extrait de notre émission « histoire(s) d’égalité » réalisée en partenariat avec les centres sociaux des Minguettes en direct au Lycée Jacques Brel le 14 novembre dernier. Nous reviendrons courant 2024 sur ce temps fort en vous en proposant la diffusion dans son intégralité.</span><a href="http://www.tractionavantcie.org/tractionavant/histoires-degalite-lemission-2/" target="_blank" rel="noopener"><img loading="lazy" class="aligncenter wp-image-3672 size-medium" src="http://www.tractionavantcie.org/tractionavant/wp-content/uploads/2023/10/histoire-d-egalite-emission-300x169.jpg" alt="" width="300" height="169" srcset="http://www.tractionavantcie.org/tractionavant/wp-content/uploads/2023/10/histoire-d-egalite-emission-300x169.jpg 300w, http://www.tractionavantcie.org/tractionavant/wp-content/uploads/2023/10/histoire-d-egalite-emission-768x432.jpg 768w, http://www.tractionavantcie.org/tractionavant/wp-content/uploads/2023/10/histoire-d-egalite-emission.jpg 889w" sizes="(max-width: 300px) 100vw, 300px" /></a></p>
<hr />
<div style="padding: 30px 20px 0 20px; border: 0.1rem solid #999; background-color: #cccccc;">
<p style="text-align: justify;"><span style="font-family: trebuchet ms, geneva, sans-serif; color: #808080; font-size: 12pt;">Alors « &#8230;Regardez-moi, je suis Solène ! Un petit bout de femme qui n’a pas fini de grandir, une fille pas très sûr d’elle-même, mais ça vient, ça vient, un peu de patience et même maladroite je vous crache à la gueule que j’ai le droit de vivre comme ça me chante, m’habiller comme je veux et me sentir belle non pas parce que je viens de croiser le regard d’un garçon à qui je voudrais plaire mais simplement parce que je ressens la chaleur d’un soleil d’automne qui me caresse la peau. »</span></p>
<p style="text-align: right;"><span style="font-family: trebuchet ms, geneva, sans-serif; color: #808080; font-size: 12pt;">Monologue de Solène dans l’épisode 7 de la « ballade des gens qui sont nés quelque part »</span></p>
</div>
<hr />
<p style="text-align: center;"><img loading="lazy" class="aligncenter size-full wp-image-3344" style="margin-bottom: 0; padding-bottom: 0;" src="http://www.tractionavantcie.org/tractionavant/wp-content/uploads/2023/03/image1.jpg" alt="" width="140" height="105" /><span style="font-family: trebuchet ms, geneva, sans-serif; color: #808080; font-size: 10pt;">13 avenue Marcel Paul 69200 Vénissieux<br />
</span><span style="font-family: trebuchet ms, geneva, sans-serif; color: #808080; font-size: 10pt;">Tél : 04 72 90 11 84</span><br />
<span style="font-family: trebuchet ms, geneva, sans-serif; color: #808080; font-size: 10pt;"><a href="mailto:traction.avant@wanadoo.fr" target="_blank" rel="noopener">traction.avant@wanadoo.fr</a> | <a href="http://www.tractionavantcie.org">www.tractionavantcie.org</a><br />
</span><span style="font-family: trebuchet ms, geneva, sans-serif; color: #808080; font-size: 10pt;">Licences d’entrepreneur du spectacle : L-R-20-5245 | L-R-20-5247</span><br />
<span style="font-family: trebuchet ms, geneva, sans-serif; color: #808080; font-size: 10pt;"> </span><br />
<span style="font-family: trebuchet ms, geneva, sans-serif; color: #808080; font-size: 10pt;">    <span class="x_x_x_x_x_x_ContentPasted13"><span class="x_x_x_x_x_x_ContentPasted19 x_x_x_x_x_x_ContentPasted22"><a href="http://www.tractionavantcie.org/tractionavant/wp-content/uploads/2023/03/logo-facebook.png">  </a><a href="https://fr-fr.facebook.com/TractionAvantCompagnie" target="_blank" rel="noopener"><img loading="lazy" class="alignnone wp-image-3345 size-full" src="http://www.tractionavantcie.org/tractionavant/wp-content/uploads/2023/03/logo-facebook.png" alt="" width="50" height="50" />  </a><a href="https://www.youtube.com/@tractionavantcie8533/playlists" target="_blank" rel="noopener"><img loading="lazy" class="alignnone wp-image-3346 size-full" src="http://www.tractionavantcie.org/tractionavant/wp-content/uploads/2023/03/YouTube.jpg" alt="" width="50" height="50" /></a><a id="LPlnk671796" title="https://fr-fr.facebook.com/TractionAvantCompagnie" href="https://fr-fr.facebook.com/TractionAvantCompagnie" target="_blank" rel="noopener noreferrer" data-auth="NotApplicable" data-linkindex="4"></a><br />
</span></span></span><span style="font-family: trebuchet ms, geneva, sans-serif; color: #808080; font-size: 10pt;"> Pour adhérer :</span><span style="font-family: trebuchet ms, geneva, sans-serif; color: #808080; font-size: 10pt;"><a href="https://www.helloasso.com/associations/traction-avant-cie/adhesions/adhesion-2021-2022-3"><img loading="lazy" class="aligncenter wp-image-3347" src="http://www.tractionavantcie.org/tractionavant/wp-content/uploads/2023/03/logo-helloasso.png" alt="" width="136" height="28" /></a></span><span style="font-family: trebuchet ms, geneva, sans-serif; color: #808080; font-size: 10pt;">Pour vous désinscrire de la liste de diffusion, <a href="http://www.tractionavantcie.org/tractionavant/desinscription-newsletter/" target="_blank" rel="noopener">suivez ce lien</a></span></p>
</div>
</div>

<p>ALORS, Y’A PAS D’AUTRES ALTERNATIVES, C’EST ÇA ? « Alors y’a pas d’autres alternatives, faut cogner c’est ça ? Faut montrer qu’on est le plus fort, le plus malin, balancer la crasse la plus salace, déclencher les ricanements les plus bruyants, amasser le plus de likes, être le plus populaire, la plus regardée, la plus &hellip; <a href="http://www.tractionavantcie.org/tractionavant/infolettre-novembre-2023/" class="more-link">Continuer la lecture de <span class="screen-reader-text">Infolettre &#8211; Novembre 2023</span></a></p>
