{"id":374,"date":"2019-02-04T12:54:18","date_gmt":"2019-02-04T11:54:18","guid":{"rendered":"http:\/\/www.tractionavantcie.org\/tractionavant\/?page_id=374"},"modified":"2022-01-28T08:17:19","modified_gmt":"2022-01-28T07:17:19","slug":"les-deux-moities-du-ciel","status":"publish","type":"page","link":"http:\/\/www.tractionavantcie.org\/tractionavant\/les-deux-moities-du-ciel\/","title":{"rendered":"Les deux moiti\u00e9s du ciel"},"content":{"rendered":"<div class=\"menuspect\"><a href=\"#presse\">Presse<\/a><\/div>\n<hr>\n<h1><a class=\"single_photoswipe\" href=\"http:\/\/www.tractionavantcie.org\/tractionavant\/wp-content\/uploads\/2021\/05\/aff-moities-du-ciel.jpg\" data-size=\"849x1200\"><img loading=\"lazy\" class=\"alignright size-medium wp-image-2595\" src=\"http:\/\/www.tractionavantcie.org\/tractionavant\/wp-content\/uploads\/2021\/05\/aff-moities-du-ciel-212x300.jpg\" alt=\"\" width=\"212\" height=\"300\" srcset=\"http:\/\/www.tractionavantcie.org\/tractionavant\/wp-content\/uploads\/2021\/05\/aff-moities-du-ciel-212x300.jpg 212w, http:\/\/www.tractionavantcie.org\/tractionavant\/wp-content\/uploads\/2021\/05\/aff-moities-du-ciel-724x1024.jpg 724w, http:\/\/www.tractionavantcie.org\/tractionavant\/wp-content\/uploads\/2021\/05\/aff-moities-du-ciel-768x1086.jpg 768w, http:\/\/www.tractionavantcie.org\/tractionavant\/wp-content\/uploads\/2021\/05\/aff-moities-du-ciel.jpg 849w\" sizes=\"(max-width: 212px) 100vw, 212px\" \/><\/a><img loading=\"lazy\" class=\"gif\" src=\"http:\/\/www.tractionavantcie.org\/images\/gif\/anim-moitie.gif\" alt=\"\" width=\"430\" height=\"46\"><\/h1>\n<p><strong>Lecture-spectacle<\/strong><br><strong>\u00c0 partir de 15 ans<\/strong><br><strong>Dur\u00e9e : 1h10<\/strong><\/p>\n<p><em>Dans le cadre du r\u00e9seau \u00ab <a href=\"http:\/\/textesadire.canalblog.com\/\">Textes \u00e0 dire<\/a> \u00bb<\/em><\/p>\n<p><strong><span style=\"color: #a80804;\">Mise en espace &amp; interpr\u00e8tes :<\/span><\/strong> \u00c9lisabeth Granjon &amp; Vincent Villemagne<br><strong><span style=\"color: #a80804;\">Soutien technique :<\/span><\/strong> Ludovic Micoud-Terraud<br><strong><span style=\"color: #a80804;\">D\u2019apr\u00e8s des textes de :<\/span><\/strong> Pierre Desproges, Marie Rouanet, Dorothy Parker, Annie Ernaux, Marie Nimier, Eve Ensler, Emmanuel Dongala, Katarina Mazetti, Joy Sorman&#8230;<\/p>\n<p>&#8220;En Chine, une expression couramment attribu\u00e9e \u00e0 Mao dit que &#8220;<em>Les femmes peuvent soutenir la moiti\u00e9 du ciel<\/em>&#8220;, mani\u00e8re d&#8217;exprimer que celui qu&#8217;on appelle le sexe &#8220;faible&#8221; est aussi fort que l&#8217;autre sexe et contribue avec la m\u00eame intensit\u00e9 \u00e0 l&#8217;\u00e9quilibre de notre monde&#8221;.<br>Qu\u2019est-ce qui, au fil des si\u00e8cles, a fait que, au nom de diff\u00e9rentes anatomiques ou de pr\u00e9suppos\u00e9s sexistes, un d\u00e9s\u00e9quilibre s\u2019est mis en place dans nos soci\u00e9t\u00e9s ?<br>La litt\u00e9rature, par le biais de l\u2019\u00e9motion et de l\u2019humour, nous propose une r\u00e9flexion sensible et nuanc\u00e9e sur la question ; histoire d\u2019\u00e9viter qu\u2019un jour le ciel ne finisse par nous tomber sur la t\u00eate !<\/p>\n<hr>\n<h2 id=\"presse\">Presse<\/h2>\n<p><a class=\"single_photoswipe\" href=\"http:\/\/www.tractionavantcie.org\/tractionavant\/wp-content\/uploads\/2019\/02\/2-moitie-du-ciel.jpg\" data-size=\"931x1800\"><img loading=\"lazy\" class=\"alignnone wp-image-671 size-medium\" src=\"http:\/\/www.tractionavantcie.org\/tractionavant\/wp-content\/uploads\/2019\/02\/2-moitie-du-ciel-155x300.jpg\" alt=\"\" width=\"155\" height=\"300\" srcset=\"http:\/\/www.tractionavantcie.org\/tractionavant\/wp-content\/uploads\/2019\/02\/2-moitie-du-ciel-155x300.jpg 155w, http:\/\/www.tractionavantcie.org\/tractionavant\/wp-content\/uploads\/2019\/02\/2-moitie-du-ciel-768x1485.jpg 768w, http:\/\/www.tractionavantcie.org\/tractionavant\/wp-content\/uploads\/2019\/02\/2-moitie-du-ciel-530x1024.jpg 530w, http:\/\/www.tractionavantcie.org\/tractionavant\/wp-content\/uploads\/2019\/02\/2-moitie-du-ciel.jpg 931w\" sizes=\"(max-width: 155px) 100vw, 155px\" \/><\/a><\/p>\n<hr>\n\n\n<h2 id=\"agenda\">Agenda<\/h2>\n\n\n\n<p><strong>\ud83d\udcc6 Le 1 avril 2022 &#8211; 19 h <\/strong>(1 repr\u00e9sentation)<br>\ud83d\udccc <a style=\"text-decoration:underline;\" rel=\"noreferrer noopener\" href=\"https:\/\/brignais.com\/briscope\/\" target=\"_blank\">Le Briscope<\/a>, Centre Culturel de la ville de Brignais &#8211; Parc de l&#8217;H\u00f4tel de Ville, 5 Rue M\u00e8re Elise Rivet, 69530 Brignais<\/p>\n","protected":false},"excerpt":{"rendered":"<p>Presse Lecture-spectacle\u00c0 partir de 15 ansDur\u00e9e : 1h10 Dans le cadre du r\u00e9seau \u00ab Textes \u00e0 dire \u00bb Mise en espace &amp; interpr\u00e8tes : \u00c9lisabeth Granjon &amp; Vincent VillemagneSoutien technique : Ludovic Micoud-TerraudD\u2019apr\u00e8s des textes de : Pierre Desproges, Marie Rouanet, Dorothy Parker, Annie Ernaux, Marie Nimier, Eve Ensler, Emmanuel Dongala, Katarina Mazetti, Joy Sorman&#8230; &hellip; <a href=\"http:\/\/www.tractionavantcie.org\/tractionavant\/les-deux-moities-du-ciel\/\" class=\"more-link\">Continuer la lecture de <span class=\"screen-reader-text\">Les deux moiti\u00e9s du ciel<\/span><\/a><\/p>\n","protected":false},"author":1,"featured_media":0,"parent":0,"menu_order":0,"comment_status":"closed","ping_status":"closed","template":"page-spectacle.php","meta":[],"_links":{"self":[{"href":"http:\/\/www.tractionavantcie.org\/tractionavant\/wp-json\/wp\/v2\/pages\/374"}],"collection":[{"href":"http:\/\/www.tractionavantcie.org\/tractionavant\/wp-json\/wp\/v2\/pages"}],"about":[{"href":"http:\/\/www.tractionavantcie.org\/tractionavant\/wp-json\/wp\/v2\/types\/page"}],"author":[{"embeddable":true,"href":"http:\/\/www.tractionavantcie.org\/tractionavant\/wp-json\/wp\/v2\/users\/1"}],"replies":[{"embeddable":true,"href":"http:\/\/www.tractionavantcie.org\/tractionavant\/wp-json\/wp\/v2\/comments?post=374"}],"version-history":[{"count":13,"href":"http:\/\/www.tractionavantcie.org\/tractionavant\/wp-json\/wp\/v2\/pages\/374\/revisions"}],"predecessor-version":[{"id":2851,"href":"http:\/\/www.tractionavantcie.org\/tractionavant\/wp-json\/wp\/v2\/pages\/374\/revisions\/2851"}],"wp:attachment":[{"href":"http:\/\/www.tractionavantcie.org\/tractionavant\/wp-json\/wp\/v2\/media?parent=374"}],"curies":[{"name":"wp","href":"https:\/\/api.w.org\/{rel}","templated":true}]}}