{"id":419,"date":"2019-02-05T08:50:34","date_gmt":"2019-02-05T07:50:34","guid":{"rendered":"http:\/\/www.tractionavantcie.org\/tractionavant\/?page_id=419"},"modified":"2020-09-21T10:18:21","modified_gmt":"2020-09-21T08:18:21","slug":"adhesion","status":"publish","type":"page","link":"http:\/\/www.tractionavantcie.org\/tractionavant\/adhesion\/","title":{"rendered":"Adh\u00e9sion"},"content":{"rendered":"<h2>Saison 2020\/2021<\/h2>\n<p><em><strong>Pourquoi adh\u00e9rer \u00e0 Traction Avant Cie ?<\/strong><\/em><\/p>\n<p>\u2022 C\u2019est un acte militant.<br \/>\n\u2022 C\u2019est d\u00e9fendre la culture, les arts, accessibles \u00e0 tous.<br \/>\n\u2022 C\u2019est obligatoire pour toute participation \u00e0 une activit\u00e9 de la Compagnie.<br \/>\n\u2022 C\u2019est pour recevoir les infos sur l\u2019actualit\u00e9 de Traction Avant<br \/>\n\u2022 C\u2019est b\u00e9n\u00e9ficier de tarifs r\u00e9duits sur des spectacles pr\u00e9sent\u00e9s Salle Erik Satie.<\/p>\n<p>Adh\u00e9sion individuelle : 10 \u20ac<br \/>\nAdh\u00e9sion individuelle ado \/ enfant : 5 \u20ac<br \/>\nAdh\u00e9sion collective (association, groupe scolaire, centre social&#8230;) : 20 \u20ac<\/p>\n<p>Compl\u00e9ter et retourner le bulletion d&#8217;adh\u00e9sion ci-dessous accompagn\u00e9 de votre ch\u00e8que \u00e0 Traction Avant.<\/p>\n<p><em><strong>En adh\u00e9rant \u00e0 Traction Avant vous contribuez \u00e0 l\u2019avenir de la Compagnie !<\/strong><\/em><\/p>\n<p><a href=\"http:\/\/www.tractionavantcie.org\/pdf\/bulletin-adhesion20-21.pdf\" target=\"_blank\" rel=\"noopener noreferrer\"><span style=\"color: #006699;\"><strong>&gt; T\u00e9l\u00e9charger le bulletin d&#8217;adh\u00e9sion en pdf<\/strong><\/span><\/a><\/p>\n","protected":false},"excerpt":{"rendered":"<p>Saison 2020\/2021 Pourquoi adh\u00e9rer \u00e0 Traction Avant Cie ? \u2022 C\u2019est un acte militant. \u2022 C\u2019est d\u00e9fendre la culture, les arts, accessibles \u00e0 tous. \u2022 C\u2019est obligatoire pour toute participation \u00e0 une activit\u00e9 de la Compagnie. \u2022 C\u2019est pour recevoir les infos sur l\u2019actualit\u00e9 de Traction Avant \u2022 C\u2019est b\u00e9n\u00e9ficier de tarifs r\u00e9duits sur des &hellip; <a href=\"http:\/\/www.tractionavantcie.org\/tractionavant\/adhesion\/\" class=\"more-link\">Continuer la lecture de <span class=\"screen-reader-text\">Adh\u00e9sion<\/span><\/a><\/p>\n","protected":false},"author":1,"featured_media":0,"parent":0,"menu_order":0,"comment_status":"closed","ping_status":"closed","template":"","meta":[],"_links":{"self":[{"href":"http:\/\/www.tractionavantcie.org\/tractionavant\/wp-json\/wp\/v2\/pages\/419"}],"collection":[{"href":"http:\/\/www.tractionavantcie.org\/tractionavant\/wp-json\/wp\/v2\/pages"}],"about":[{"href":"http:\/\/www.tractionavantcie.org\/tractionavant\/wp-json\/wp\/v2\/types\/page"}],"author":[{"embeddable":true,"href":"http:\/\/www.tractionavantcie.org\/tractionavant\/wp-json\/wp\/v2\/users\/1"}],"replies":[{"embeddable":true,"href":"http:\/\/www.tractionavantcie.org\/tractionavant\/wp-json\/wp\/v2\/comments?post=419"}],"version-history":[{"count":5,"href":"http:\/\/www.tractionavantcie.org\/tractionavant\/wp-json\/wp\/v2\/pages\/419\/revisions"}],"predecessor-version":[{"id":2371,"href":"http:\/\/www.tractionavantcie.org\/tractionavant\/wp-json\/wp\/v2\/pages\/419\/revisions\/2371"}],"wp:attachment":[{"href":"http:\/\/www.tractionavantcie.org\/tractionavant\/wp-json\/wp\/v2\/media?parent=419"}],"curies":[{"name":"wp","href":"https:\/\/api.w.org\/{rel}","templated":true}]}}