{"id":506,"date":"2019-04-25T15:17:52","date_gmt":"2019-04-25T13:17:52","guid":{"rendered":"http:\/\/www.tractionavantcie.org\/tractionavant\/?page_id=506"},"modified":"2021-04-08T10:22:24","modified_gmt":"2021-04-08T08:22:24","slug":"la-vie-nouvelle-deugene-true","status":"publish","type":"page","link":"http:\/\/www.tractionavantcie.org\/tractionavant\/la-vie-nouvelle-deugene-true\/","title":{"rendered":"La vie nouvelle d&#8217;Eug\u00e8ne True"},"content":{"rendered":"<div class=\"menuspect\"><a href=\"#photos\">Photos<\/a><a href=\"#presse\">Presse<\/a><a href=\"#agenda\">Agenda<\/a><a href=\"http:\/\/www.tractionavantcie.org\/pdf\/dossier-eugene-true.pdf\" target=\"_blank\" rel=\"noopener noreferrer\">Dossier pdf<\/a><\/div>\n<hr \/>\n<h1><a class=\"single_photoswipe\" href=\"http:\/\/www.tractionavantcie.org\/tractionavant\/wp-content\/uploads\/2019\/04\/aff_eugene-true-1.jpg\" data-size=\"848x1200\"><img loading=\"lazy\" class=\"size-medium wp-image-627 alignright\" src=\"http:\/\/www.tractionavantcie.org\/tractionavant\/wp-content\/uploads\/2019\/04\/aff_eugene-true-1-212x300.jpg\" alt=\"\" width=\"212\" height=\"300\" srcset=\"http:\/\/www.tractionavantcie.org\/tractionavant\/wp-content\/uploads\/2019\/04\/aff_eugene-true-1-212x300.jpg 212w, http:\/\/www.tractionavantcie.org\/tractionavant\/wp-content\/uploads\/2019\/04\/aff_eugene-true-1-768x1087.jpg 768w, http:\/\/www.tractionavantcie.org\/tractionavant\/wp-content\/uploads\/2019\/04\/aff_eugene-true-1-724x1024.jpg 724w, http:\/\/www.tractionavantcie.org\/tractionavant\/wp-content\/uploads\/2019\/04\/aff_eugene-true-1.jpg 848w\" sizes=\"(max-width: 212px) 100vw, 212px\" \/><\/a><strong><img loading=\"lazy\" class=\"gif\" src=\"http:\/\/www.tractionavantcie.org\/images\/gif\/anim-eugene-true.gif\" alt=\"\" width=\"400\" height=\"149\" \/><\/strong><\/h1>\n<p><strong>Th\u00e9\u00e2tre immersif<\/strong><em><strong><br \/>\n<\/strong><\/em><\/p>\n<p>Faire de l\u2019intime dans l\u2019espace public, voila ce qui nourrit mon d\u00e9sir d\u2019\u00e9criture dans le spectacle vivant. Faire \u00ab fictionner \u00bb la r\u00e9alit\u00e9 et permettre au spectateur d\u2019entrer dans un rapport de confidence, afin qu\u2019il touche au c\u0153ur des d\u00e9sirs, des doutes et des angoisses de mes personnages.<\/p>\n<p>Le dialogue cherche \u00e0 interpeller le spectateur \u00e0 l\u2019endroit de sa propre solitude entre profondeur, humour et po\u00e9sie.<\/p>\n<p>On vient prendre le<span class=\"aCOpRe\">\u00b7<\/span>a spectateur<span class=\"aCOpRe\">\u00b7<\/span>ice ici dans la rue, \u00e0 un moment de sa vie ; il<span class=\"aCOpRe\">\u00b7<\/span>elle traverse une histoire, un monde singulier pour se connecter \u00e0 sa propre intimit\u00e9. Je souhaite qu\u2019ilelle s\u2019oublie le temps du spectacle et qu\u2019ainsi, s\u2019oubliant, ilelle participe au questionnement des personnages : \u00c0 quel moment passe-t-on \u00e0 c\u00f4t\u00e9 de son existence ? Est-il possible de devenir celui qu\u2019on avait r\u00eav\u00e9 d\u2019\u00eatre ?<\/p>\n<p>Faire de l\u2019intime dans l\u2019espace public :<br \/>\nJe choisis la rue et les espaces publics comme terrain de jeu pour raconter une histoire que je pourrais chuchoter \u00e0 l\u2019oreille d\u2019une seule personne. La rue comme espace de confidence. Le th\u00e9\u00e2tre immersif m\u2019a rendu pleinement conscient du potentiel cr\u00e9atif et de la libert\u00e9 que peut accorder des espaces de la vie courante : nous commencerons en ext\u00e9rieur, avec la rencontre de mes deux personnages principaux, puis d\u00e9ambulant, nous irons sur un banc,devant une voiture. Puis nous terminerons ce voyage en int\u00e9rieur , dans une salle, devant un film que l\u2019on aura r\u00e9alis\u00e9.<\/p>\n<p>Faire \u00ab fictionner \u00bb la r\u00e9alit\u00e9 :<br \/>\nLe spectacle s\u2019ouvre sur la rencontre inopin\u00e9e de deux hommes qui n\u2019\u00e9taient pas fait pour se rencontrer. Le dialogue se noue et le spectateur se trouve progressivement embarqu\u00e9 dans une histoire. La r\u00e9alit\u00e9 devient fiction et la rue d\u00e9cor, le monde connu s\u2019efface, la po\u00e9sie se met en place. L\u2019\u00e9pique vient remplacer le quotidien.<\/p>\n<p><em>St\u00e9phan Lhuillier<\/em><\/p>\n<hr \/>\n<h2 id=\"photos\">Photos<\/h2>\n<p>Photos des repr\u00e9sentations du 14 Juillet 2019<\/p>\n<hr \/>\n\n\n\t\t<style type='text\/css'>\n\n\t\t\t\/* PhotoSwipe Plugin *\/\n\t\t\t.psgal {\n\t\t\t\tmargin: auto;\n\t\t\t\tpadding-bottom:40px;\n\n\t\t\t\t-webkit-transition: all 0.4s ease;\n\t\t\t\t-moz-transition: all 0.4s ease;\n\t\t\t\t-o-transition: all 0.4s ease;\n\t\t\t\ttransition: all 0.4s ease;\n\n\t\t\t\topacity:0.1;\n\t\t\t\t\n\n\t\t\t}\n\n\t\t\t.psgal.photoswipe_showme{\n\t\t\t\topacity:1;\n\t\t\t}\n\n\t\t\t.psgal figure {\n\t\t\t\tfloat: left;\n\n\t\t\t\t\n\n\t\t\t\ttext-align: center;\n\t\t\t\twidth: 150px;\n\n\t\t\t\tpadding:5px;\n\t\t\t\tmargin: 0px;\n\t\t\t\tbox-sizing:border-box;\n\t\t\t}\n\t\t\t.psgal a{\n\t\t\t\tdisplay:block;\n\t\t\t}\n\n\t\t\t.psgal img {\n\t\t\t\tmargin:auto;\n\t\t\t\tmax-width:100%;\n\t\t\t\twidth: auto;\n\t\t\t\theight: auto;\n\t\t\t\tborder: 0;\n\t\t\t}\n\t\t\t.psgal figure figcaption{\n\t\t\t\tfont-size:13px;\n\t\t\t}\n\n\t\t\t.msnry{\n\t\t\t\tmargin:auto;\n\t\t\t}\n\t\t\t.pswp__caption__center{\n\t\t\t\ttext-align: center;\n\t\t\t}\n\t\t\t\n\t\t<\/style> <div style=\"clear:both\"><\/div>\n\n\t\t<div id=\"psgal_506_1\" class=\"psgal gallery-columns-3 gallery-size-thumbnail\" itemscope itemtype=\"http:\/\/schema.org\/ImageGallery\" >\n\t\t\t\t<figure class=\"msnry_item\" itemscope itemtype=\"http:\/\/schema.org\/ImageObject\">\n\t\t\t\t\t<a href=\"http:\/\/www.tractionavantcie.org\/tractionavant\/wp-content\/uploads\/2019\/04\/eugene-true01.jpg\" itemprop=\"contentUrl\" data-size=\"667x1000\" data-caption=\"\" >\n\t\t\t\t        <img src=http:\/\/www.tractionavantcie.org\/tractionavant\/wp-content\/uploads\/2019\/04\/eugene-true01-200x300.jpg itemprop=\"thumbnail\" alt=\"\"  \/>\n\t\t\t\t    <\/a>\n\t\t\t\t    <figcaption class=\"photoswipe-gallery-caption\" ><\/figcaption>\n\t\t\t    <\/figure>\n\t\t\t\t\n\t\t\t\t<figure class=\"msnry_item\" itemscope itemtype=\"http:\/\/schema.org\/ImageObject\">\n\t\t\t\t\t<a href=\"http:\/\/www.tractionavantcie.org\/tractionavant\/wp-content\/uploads\/2019\/04\/eugene-true02.jpg\" itemprop=\"contentUrl\" data-size=\"662x1000\" data-caption=\"\" >\n\t\t\t\t        <img src=http:\/\/www.tractionavantcie.org\/tractionavant\/wp-content\/uploads\/2019\/04\/eugene-true02-199x300.jpg itemprop=\"thumbnail\" alt=\"\"  \/>\n\t\t\t\t    <\/a>\n\t\t\t\t    <figcaption class=\"photoswipe-gallery-caption\" ><\/figcaption>\n\t\t\t    <\/figure>\n\t\t\t\t\n\t\t\t\t<figure class=\"msnry_item\" itemscope itemtype=\"http:\/\/schema.org\/ImageObject\">\n\t\t\t\t\t<a href=\"http:\/\/www.tractionavantcie.org\/tractionavant\/wp-content\/uploads\/2019\/04\/eugene-true03.jpg\" itemprop=\"contentUrl\" data-size=\"1000x667\" data-caption=\"\" >\n\t\t\t\t        <img src=http:\/\/www.tractionavantcie.org\/tractionavant\/wp-content\/uploads\/2019\/04\/eugene-true03-300x200.jpg itemprop=\"thumbnail\" alt=\"\"  \/>\n\t\t\t\t    <\/a>\n\t\t\t\t    <figcaption class=\"photoswipe-gallery-caption\" ><\/figcaption>\n\t\t\t    <\/figure>\n\t\t\t\t\n\t\t\t\t<figure class=\"msnry_item\" itemscope itemtype=\"http:\/\/schema.org\/ImageObject\">\n\t\t\t\t\t<a href=\"http:\/\/www.tractionavantcie.org\/tractionavant\/wp-content\/uploads\/2019\/04\/eugene-true04.jpg\" itemprop=\"contentUrl\" data-size=\"1000x667\" data-caption=\"\" >\n\t\t\t\t        <img src=http:\/\/www.tractionavantcie.org\/tractionavant\/wp-content\/uploads\/2019\/04\/eugene-true04-300x200.jpg itemprop=\"thumbnail\" alt=\"\"  \/>\n\t\t\t\t    <\/a>\n\t\t\t\t    <figcaption class=\"photoswipe-gallery-caption\" ><\/figcaption>\n\t\t\t    <\/figure>\n\t\t\t\t<\/div>\n\n\t\t<div style='clear:both'><\/div>\n\n\t\t<script type='text\/javascript'>\n\n\t\t\tvar container_506_1 = document.querySelector('#psgal_506_1');\n\t\t\tvar msnry;\n\n\t\t\t\/\/ initialize  after all images have loaded\n\t\t\timagesLoaded( container_506_1, function() {\n\n\t\t\t\t\n\n\t\t\t\t\t\t\/\/ initialize Masonry after all images have loaded\n\t\t\t\t\t\tnew Masonry( container_506_1, {\n\t\t\t\t\t\t  \/\/ options...\n\t\t\t\t\t\t  itemSelector: '.msnry_item',\n\t\t\t\t\t\t  \/\/columnWidth: 150,\n\t\t\t\t\t\t  isFitWidth: true\n\t\t\t\t\t\t});\n\n\t\t\t\t\t\t(container_506_1).className += ' photoswipe_showme';\n\n\t\t\t\t\t\t\n\n\t\t\t});\n\n\n\t\t<\/script>\n\n\t\n<hr \/>\n<h2 id=\"presse\">Presse<\/h2>\n<p><a class=\"single_photoswipe\" href=\"http:\/\/www.tractionavantcie.org\/tractionavant\/wp-content\/uploads\/2019\/04\/expressions-eugene-true.jpg\" data-size=\"1501x1800\"><img loading=\"lazy\" class=\"alignnone size-medium wp-image-669\" src=\"http:\/\/www.tractionavantcie.org\/tractionavant\/wp-content\/uploads\/2019\/04\/expressions-eugene-true-250x300.jpg\" alt=\"\" width=\"250\" height=\"300\" srcset=\"http:\/\/www.tractionavantcie.org\/tractionavant\/wp-content\/uploads\/2019\/04\/expressions-eugene-true-250x300.jpg 250w, http:\/\/www.tractionavantcie.org\/tractionavant\/wp-content\/uploads\/2019\/04\/expressions-eugene-true-768x921.jpg 768w, http:\/\/www.tractionavantcie.org\/tractionavant\/wp-content\/uploads\/2019\/04\/expressions-eugene-true-854x1024.jpg 854w, http:\/\/www.tractionavantcie.org\/tractionavant\/wp-content\/uploads\/2019\/04\/expressions-eugene-true.jpg 1501w\" sizes=\"(max-width: 250px) 100vw, 250px\" \/><\/a><\/p>\n<hr \/>\n<h2 id=\"agenda\">Agenda<\/h2>\n<p><span style=\"color: #none;\"><strong>\ud83d\udcc6 Le 14 juillet 2019 <\/strong>(2 repr\u00e9sentations)<br \/>\n\ud83d\udccc <a href=\"https:\/\/www.ville-venissieux.fr\/fetesescales\">Festival F\u00eates Escales<\/a> &#8211; Parc Louis Dupic, 69200 V\u00e9nissieux<br \/>\n<\/span><\/p>\n","protected":false},"excerpt":{"rendered":"<p>PhotosPresseAgendaDossier pdf Th\u00e9\u00e2tre immersif Faire de l\u2019intime dans l\u2019espace public, voila ce qui nourrit mon d\u00e9sir d\u2019\u00e9criture dans le spectacle vivant. Faire \u00ab fictionner \u00bb la r\u00e9alit\u00e9 et permettre au spectateur d\u2019entrer dans un rapport de confidence, afin qu\u2019il touche au c\u0153ur des d\u00e9sirs, des doutes et des angoisses de mes personnages. Le dialogue cherche &hellip; <a href=\"http:\/\/www.tractionavantcie.org\/tractionavant\/la-vie-nouvelle-deugene-true\/\" class=\"more-link\">Continuer la lecture de <span class=\"screen-reader-text\">La vie nouvelle d&#8217;Eug\u00e8ne True<\/span><\/a><\/p>\n","protected":false},"author":1,"featured_media":0,"parent":0,"menu_order":0,"comment_status":"closed","ping_status":"closed","template":"page-spectacle.php","meta":[],"_links":{"self":[{"href":"http:\/\/www.tractionavantcie.org\/tractionavant\/wp-json\/wp\/v2\/pages\/506"}],"collection":[{"href":"http:\/\/www.tractionavantcie.org\/tractionavant\/wp-json\/wp\/v2\/pages"}],"about":[{"href":"http:\/\/www.tractionavantcie.org\/tractionavant\/wp-json\/wp\/v2\/types\/page"}],"author":[{"embeddable":true,"href":"http:\/\/www.tractionavantcie.org\/tractionavant\/wp-json\/wp\/v2\/users\/1"}],"replies":[{"embeddable":true,"href":"http:\/\/www.tractionavantcie.org\/tractionavant\/wp-json\/wp\/v2\/comments?post=506"}],"version-history":[{"count":39,"href":"http:\/\/www.tractionavantcie.org\/tractionavant\/wp-json\/wp\/v2\/pages\/506\/revisions"}],"predecessor-version":[{"id":2591,"href":"http:\/\/www.tractionavantcie.org\/tractionavant\/wp-json\/wp\/v2\/pages\/506\/revisions\/2591"}],"wp:attachment":[{"href":"http:\/\/www.tractionavantcie.org\/tractionavant\/wp-json\/wp\/v2\/media?parent=506"}],"curies":[{"name":"wp","href":"https:\/\/api.w.org\/{rel}","templated":true}]}}

La vie nouvelle d&#8217;Eugène True

<div class="menuspect"><a href="#photos">Photos</a><a href="#presse">Presse</a><a href="#agenda">Agenda</a><a href="http://www.tractionavantcie.org/pdf/dossier-eugene-true.pdf" target="_blank" rel="noopener noreferrer">Dossier pdf</a></div>
<hr />
<h1><a class="single_photoswipe" href="http://www.tractionavantcie.org/tractionavant/wp-content/uploads/2019/04/aff_eugene-true-1.jpg" data-size="848x1200"><img loading="lazy" class="size-medium wp-image-627 alignright" src="http://www.tractionavantcie.org/tractionavant/wp-content/uploads/2019/04/aff_eugene-true-1-212x300.jpg" alt="" width="212" height="300" srcset="http://www.tractionavantcie.org/tractionavant/wp-content/uploads/2019/04/aff_eugene-true-1-212x300.jpg 212w, http://www.tractionavantcie.org/tractionavant/wp-content/uploads/2019/04/aff_eugene-true-1-768x1087.jpg 768w, http://www.tractionavantcie.org/tractionavant/wp-content/uploads/2019/04/aff_eugene-true-1-724x1024.jpg 724w, http://www.tractionavantcie.org/tractionavant/wp-content/uploads/2019/04/aff_eugene-true-1.jpg 848w" sizes="(max-width: 212px) 100vw, 212px" /></a><strong><img loading="lazy" class="gif" src="http://www.tractionavantcie.org/images/gif/anim-eugene-true.gif" alt="" width="400" height="149" /></strong></h1>
<p><strong>Théâtre immersif</strong><em><strong><br />
</strong></em></p>
<p>Faire de l’intime dans l’espace public, voila ce qui nourrit mon désir d’écriture dans le spectacle vivant. Faire « fictionner » la réalité et permettre au spectateur d’entrer dans un rapport de confidence, afin qu’il touche au cœur des désirs, des doutes et des angoisses de mes personnages.</p>
<p>Le dialogue cherche à interpeller le spectateur à l’endroit de sa propre solitude entre profondeur, humour et poésie.</p>
<p>On vient prendre le<span class="aCOpRe">·</span>a spectateur<span class="aCOpRe">·</span>ice ici dans la rue, à un moment de sa vie ; il<span class="aCOpRe">·</span>elle traverse une histoire, un monde singulier pour se connecter à sa propre intimité. Je souhaite qu’ilelle s’oublie le temps du spectacle et qu’ainsi, s’oubliant, ilelle participe au questionnement des personnages : À quel moment passe-t-on à côté de son existence ? Est-il possible de devenir celui qu’on avait rêvé d’être ?</p>
<p>Faire de l’intime dans l’espace public :<br />
Je choisis la rue et les espaces publics comme terrain de jeu pour raconter une histoire que je pourrais chuchoter à l’oreille d’une seule personne. La rue comme espace de confidence. Le théâtre immersif m’a rendu pleinement conscient du potentiel créatif et de la liberté que peut accorder des espaces de la vie courante : nous commencerons en extérieur, avec la rencontre de mes deux personnages principaux, puis déambulant, nous irons sur un banc,devant une voiture. Puis nous terminerons ce voyage en intérieur , dans une salle, devant un film que l’on aura réalisé.</p>
<p>Faire « fictionner » la réalité :<br />
Le spectacle s’ouvre sur la rencontre inopinée de deux hommes qui n’étaient pas fait pour se rencontrer. Le dialogue se noue et le spectateur se trouve progressivement embarqué dans une histoire. La réalité devient fiction et la rue décor, le monde connu s’efface, la poésie se met en place. L’épique vient remplacer le quotidien.</p>
<p><em>Stéphan Lhuillier</em></p>
<hr />
<h2 id="photos">Photos</h2>
<p>Photos des représentations du 14 Juillet 2019</p>
<hr />


		<style type='text/css'>

			/* PhotoSwipe Plugin */
			.psgal {
				margin: auto;
				padding-bottom:40px;

				-webkit-transition: all 0.4s ease;
				-moz-transition: all 0.4s ease;
				-o-transition: all 0.4s ease;
				transition: all 0.4s ease;

				opacity:0.1;
				

			}

			.psgal.photoswipe_showme{
				opacity:1;
			}

			.psgal figure {
				float: left;

				

				text-align: center;
				width: 150px;

				padding:5px;
				margin: 0px;
				box-sizing:border-box;
			}
			.psgal a{
				display:block;
			}

			.psgal img {
				margin:auto;
				max-width:100%;
				width: auto;
				height: auto;
				border: 0;
			}
			.psgal figure figcaption{
				font-size:13px;
			}

			.msnry{
				margin:auto;
			}
			.pswp__caption__center{
				text-align: center;
			}
			
		</style> <div style="clear:both"></div>

		<div id="psgal_506_1" class="psgal gallery-columns-3 gallery-size-thumbnail" itemscope itemtype="http://schema.org/ImageGallery" >
				<figure class="msnry_item" itemscope itemtype="http://schema.org/ImageObject">
					<a href="http://www.tractionavantcie.org/tractionavant/wp-content/uploads/2019/04/eugene-true01.jpg" itemprop="contentUrl" data-size="667x1000" data-caption="" >
				        <img src=http://www.tractionavantcie.org/tractionavant/wp-content/uploads/2019/04/eugene-true01-200x300.jpg itemprop="thumbnail" alt=""  />
				    </a>
				    <figcaption class="photoswipe-gallery-caption" ></figcaption>
			    </figure>
				
				<figure class="msnry_item" itemscope itemtype="http://schema.org/ImageObject">
					<a href="http://www.tractionavantcie.org/tractionavant/wp-content/uploads/2019/04/eugene-true02.jpg" itemprop="contentUrl" data-size="662x1000" data-caption="" >
				        <img src=http://www.tractionavantcie.org/tractionavant/wp-content/uploads/2019/04/eugene-true02-199x300.jpg itemprop="thumbnail" alt=""  />
				    </a>
				    <figcaption class="photoswipe-gallery-caption" ></figcaption>
			    </figure>
				
				<figure class="msnry_item" itemscope itemtype="http://schema.org/ImageObject">
					<a href="http://www.tractionavantcie.org/tractionavant/wp-content/uploads/2019/04/eugene-true03.jpg" itemprop="contentUrl" data-size="1000x667" data-caption="" >
				        <img src=http://www.tractionavantcie.org/tractionavant/wp-content/uploads/2019/04/eugene-true03-300x200.jpg itemprop="thumbnail" alt=""  />
				    </a>
				    <figcaption class="photoswipe-gallery-caption" ></figcaption>
			    </figure>
				
				<figure class="msnry_item" itemscope itemtype="http://schema.org/ImageObject">
					<a href="http://www.tractionavantcie.org/tractionavant/wp-content/uploads/2019/04/eugene-true04.jpg" itemprop="contentUrl" data-size="1000x667" data-caption="" >
				        <img src=http://www.tractionavantcie.org/tractionavant/wp-content/uploads/2019/04/eugene-true04-300x200.jpg itemprop="thumbnail" alt=""  />
				    </a>
				    <figcaption class="photoswipe-gallery-caption" ></figcaption>
			    </figure>
				</div>

		<div style='clear:both'></div>

		<script type='text/javascript'>

			var container_506_1 = document.querySelector('#psgal_506_1');
			var msnry;

			// initialize  after all images have loaded
			imagesLoaded( container_506_1, function() {

				

						// initialize Masonry after all images have loaded
						new Masonry( container_506_1, {
						  // options...
						  itemSelector: '.msnry_item',
						  //columnWidth: 150,
						  isFitWidth: true
						});

						(container_506_1).className += ' photoswipe_showme';

						

			});


		</script>

	
<hr />
<h2 id="presse">Presse</h2>
<p><a class="single_photoswipe" href="http://www.tractionavantcie.org/tractionavant/wp-content/uploads/2019/04/expressions-eugene-true.jpg" data-size="1501x1800"><img loading="lazy" class="alignnone size-medium wp-image-669" src="http://www.tractionavantcie.org/tractionavant/wp-content/uploads/2019/04/expressions-eugene-true-250x300.jpg" alt="" width="250" height="300" srcset="http://www.tractionavantcie.org/tractionavant/wp-content/uploads/2019/04/expressions-eugene-true-250x300.jpg 250w, http://www.tractionavantcie.org/tractionavant/wp-content/uploads/2019/04/expressions-eugene-true-768x921.jpg 768w, http://www.tractionavantcie.org/tractionavant/wp-content/uploads/2019/04/expressions-eugene-true-854x1024.jpg 854w, http://www.tractionavantcie.org/tractionavant/wp-content/uploads/2019/04/expressions-eugene-true.jpg 1501w" sizes="(max-width: 250px) 100vw, 250px" /></a></p>
<hr />
<h2 id="agenda">Agenda</h2>
<p><span style="color: #none;"><strong>📆 Le 14 juillet 2019 </strong>(2 représentations)<br />
📌 <a href="https://www.ville-venissieux.fr/fetesescales">Festival Fêtes Escales</a> &#8211; Parc Louis Dupic, 69200 Vénissieux<br />
</span></p>

<p>PhotosPresseAgendaDossier pdf Théâtre immersif Faire de l’intime dans l’espace public, voila ce qui nourrit mon désir d’écriture dans le spectacle vivant. Faire « fictionner » la réalité et permettre au spectateur d’entrer dans un rapport de confidence, afin qu’il touche au cœur des désirs, des doutes et des angoisses de mes personnages. Le dialogue cherche &hellip; <a href="http://www.tractionavantcie.org/tractionavant/la-vie-nouvelle-deugene-true/" class="more-link">Continuer la lecture de <span class="screen-reader-text">La vie nouvelle d&#8217;Eugène True</span></a></p>
